divided by 25.
22
Calculate the remainder when 1713 is divided by 13.
10
What is the remainder when 117 is divided by 13?
0
What is the remainder when 304 is divided by 17?
15
Calculate the remainder when 198 is divided by 40.
38
Calculate the remainder when 1527 is divided by 745.
37
Calculate the remainder when 178 is divided by 50.
28
What is the remainder when 11368 is divided by 20?
8
Calculate the remainder when 4377 is divided by 93.
6
What is the remainder when 87 is divided by 21?
3
Calculate the remainder when 72 is divided by 19.
15
What is the remainder when 189 is divided by 16?
13
What is the remainder when 638 is divided by 93?
80
What is the remainder when 55 is divided by 24?
7
Calculate the remainder when 44 is divided by 13.
5
What is the remainder when 779 is divided by 130?
129
What is the remainder when 179 is divided by 60?
59
Calculate the remainder when 1077 is divided by 175.
27
Calculate the remainder when 43 is divided by 16.
11
What is the remainder when 869 is divided by 125?
119
Calculate the remainder when 151 is divided by 14.
11
What is the remainder when 2327 is divided by 773?
8
Calculate the remainder when 527 is divided by 6.
5
What is the remainder when 122 is divided by 14?
10
What is the remainder when 2781 is divided by 2766?
15
Calculate the remainder when 479 is divided by 103.
67
Calculate the remainder when 162 is divided by 92.
70
Calculate the remainder when 56 is divided by 4.
0
Calculate the remainder when 977 is divided by 164.
157
Calculate the remainder when 3813 is divided by 12.
9
Calculate the remainder when 2499 is divided by 1249.
1
Calculate the remainder when 1609 is divided by 10.
9
Calculate the remainder when 225 is divided by 38.
35
What is the remainder when 323 is divided by 43?
22
Calculate the remainder when 332 is divided by 78.
20
Calculate the remainder when 8 is divided by 2.
0
What is the remainder when 1094 is divided by 38?
30
What is the remainder when 214 is divided by 43?
42
Calculate the remainder when 93 is divided by 36.
21
What is the remainder when 1488 is divided by 22?
14
What is the remainder when 180 is divided by 179?
1
What is the remainder when 2097 is divided by 60?
57
Calculate the remainder when 131 is divided by 21.
5
Calculate the remainder when 326 is divided by 115.
96
Calculate the remainder when 239 is divided by 67.
38
What is the remainder when 443 is divided by 16?
11
Calculate the remainder when 131 is divided by 39.
14
Calculate the remainder when 213 is divided by 31.
27
What is the remainder when 2345 is divided by 54?
23
What is the remainder when 995 is divided by 37?
33
Calculate the remainder when 253 is divided by 94.
65
What is the remainder when 1231 is divided by 28?
27
Calculate the remainder when 971 is divided by 27.
26
Calculate the remainder when 720 is divided by 332.
56
Calculate the remainder when 994 is divided by 14.
0
What is the remainder when 25 is divided by 10?
5
Calculate the remainder when 788 is divided by 783.
5
Calculate the remainder when 120 is divided by 57.
6
Calculate the remainder when 179 is divided by 19.
8
Calculate the remainder when 2708 is divided by 103.
30
Calculate the remainder when 22847 is divided by 28.
27
What is the remainder when 5019 is divided by 3?
0
Calculate the remainder when 1493 is divided by 39.
11
Calculate the remainder when 1306 is divided by 16.
10
Calculate the remainder when 527 is divided by 54.
41
What is the remainder when 335 is divided by 85?
80
Calculate the remainder when 8238 is divided by 8235.
3
What is the remainder when 267 is divided by 108?
51
What is the remainder when 927 is divided by 24?
15
What is the remainder when 242 is divided by 27?
26
What is the remainder when 664 is divided by 37?
35
Calculate the remainder when 119 is divided by 42.
35
Calculate the remainder when 18 is divided by 17.
1
What is the remainder when 170 is divided by 59?
52
What is the remainder when 401 is divided by 58?
53
What is the remainder when 93 is divided by 19?
17
What is the remainder when 4013 is divided by 2006?
1
What is the remainder when 34 is divided by 27?
7
What is the remainder when 4761 is divided by 793?
3
What is the remainder when 327 is divided by 248?
79
What is the remainder when 528 is divided by 59?
56
Calculate the remainder when 53579 is divided by 60.
59
Calculate the remainder when 123 is divided by 5.
3
What is the remainder when 247 is divided by 162?
85
Calculate the remainder when 377 is divided by 10.
7
What is the remainder when 332 is divided by 42?
38
Calculate the remainder when 432 is divided by 140.
12
What is the remainder when 3439 is divided by 80?
79
Calculate the remainder when 443 is divided by 57.
44
What is the remainder when 187 is divided by 12?
7
Calculate the remainder when 2214 is divided by 58.
10
What is the remainder when 605 is divided by 29?
25
Calculate the remainder when 351 is divided by 52.
39
Calculate the remainder when 1883 is divided by 41.
38
What is the remainder when 2850 is divided by 23?
21
Calculate the remainder when 341 is divided by 57.
56
Calculate the remainder when 50 is divided by 3.
2
What is the remainder when 184 is divided by 32?
24
Calculate the remainder when 2059 is divided by 103.
102
Calculate the remainder when 76 is divided by 5.
1
Calculate the remainder when 7006 is divided by 96.
94
What is the remainder when 2411 is divided by 32?
11
Calculate the remainder when 1126 is divided by 94.
92
Calculate the remainder when 236 is divided by 103.
30
Calculate the remainder when 3329 is divided by 68.
65
What is the remainder when 147 is divided by 77?
70
What is the remainder when 233 is divided by 120?
113
Calculate the remainder when 374 is divided by 61.
8
What is the remainder when 303 is divided by 18?
15
What is the remainder when 4623 is divided by 136?
135
Calculate the remainder when 42 is divided by 25.
17
What is the remainder when 136 is divided by 27?
1
What is the remainder when 895 is divided by 25?
20
Calculate the remainder when 124 is divided by 58.
8
Calculate the remainder when 16947 is divided by 25.
22
Calculate the remainder when 406 is divided by 34.
32
Calculate the remainder when 600 is divided by 172.
84
Calculate the remainder when 49 is divided by 39.
10
What is the remainder when 21903 is divided by 13?
11
Calculate the remainder when 1293 is divided by 2.
1
What is the remainder when 449 is divided by 49?
8
Calculate the remainder when 53 is divided by 8.
5
What is the remainder when 685 is divided by 262?
161
Calculate the remainder when 38 is divided by 3.
2
What is the remainder when 564 is divided by 252?
60
What is the remainder when 479 is divided by 37?
35
Calculate the remainder when 2968 is divided by 44.
20
What is the remainder when 68398 is divided by 15?
13
What is the remainder when 594 is divided by 40?
34
What is the remainder when 35524 is divided by 62?
60
Calculate the remainder when 2849 is divided by 19.
18
Calculate the remainder when 1271 is divided by 29.
24
Calculate the remainder when 430 is divided by 31.
27
Calculate the remainder when 545 is divided by 5.
0
What is the remainder when 143 is divided by 49?
45
Calculate the remainder when 407 is divided by 47.
31
Calculate the remainder when 79 is divided by 21.
16
Calculate the remainder when 253 is divided by 13.
6
Calculate the remainder when 141 is divided by 38.
27
What is the remainder when 175 is divided by 16?
15
What is the remainder when 113 is divided by 30?
23
What is the remainder when 765 is divided by 24?
21
Calculate the remainder when 133 is divided by 35.
28
What is the remainder when 385 is divided by 43?
41
Calculate the remainder when 247 is divided by 33.
16
What is the remainder when 1469 is divided by 67?
62
What is the remainder when 3522 is divided by 1757?
8
Calculate the remainder when 3541 is divided by 77.
76
What is the remainder when 206 is divided by 43?
34
What is the remainder when 235 is divided by 16?
11
Calculate the remainder when 957 is divided by 190.
7
What is the remainder when 2814 is divided by 11?
9
Calculate the remainder when 342 is divided by 15.
12
What is the remainder when 97 is divided by 50?
47
What is the remainder when 823 is di